inder when r is divided by 6.
4
Let t = 14 + -6. Calculate the remainder when t is divided by 3.
2
Suppose 0 = 5*x - 92 - 43. What is the remainder when x is divided by 8?
3
Let u be (-4 + 0)*(-9)/12. Let b(t) = -4*t. Calculate the remainder when u*(-2)/2 - -26 is divided by b(-2).
7
Suppose 0 = 14*j - 11*j - 9. Calculate the remainder when 5 is divided by j.
2
Suppose 4*l - 80 = -4*l. What is the remainder when 159 is divided by l?
9
Calculate the remainder when 29 is divided by 2/((-16)/(-12) - 1).
5
Suppose i - d - 56 + 14 = 0, 0 = i + 4*d - 17. Suppose -5*o + 0*r + 2*r + 108 = 0, -5*r + 80 = 5*o. Calculate the remainder when i is divided by o.
17
Suppose 0 = 3*h - 4*q - 3 - 14, 5*h + 4*q - 39 = 0. Calculate the remainder when 36 is divided by h.
1
Let i(h) = h**2 + 14*h - 57. Let p(t) = -7*t - 1. What is the remainder when i(5) is divided by p(-3)?
18
Calculate the remainder when 3/(-5) + (-2817)/(-45) is divided by 13.
10
Suppose a + 2*a - 113 = -5*d, -5*d + 5 = 0. What is the remainder when a is divided by 19?
17
Let p = -16 - -28. Calculate the remainder when 22 is divided by p.
10
Suppose 0 = -4*h + 4*z + 20, -3*z = -4*h - 6*z - 15. Suppose -2*f - 3*c + 17 = h, -3*c - 2*c = 2*f - 23. Calculate the remainder when 7 is divided by f.
3
Suppose 4*y - 8 = 8. Suppose 4*a - 444 = y*g, 0 = 3*g - 5 - 4. Calculate the remainder when a is divided by 39.
36
Let o(y) = y**3 + 6*y**2 + 5*y. Let t be o(-6). Let c = 42 + t. Let m(x) = x**2 - x + 22. What is the remainder when m(0) is divided by c?
10
Suppose 2*b - 110 = -4*n, 0 = 2*n - 3*b - 15 - 20. What is the remainder when 71 is divided by n?
21
Suppose -8 = -f - 3. Calculate the remainder when (19 - (f - 3)) + 4 is divided by 11.
10
Calculate the remainder when (-2 - -12) + -6 - 54/(-2) is divided by 12.
7
Suppose 0*g + 38 = 2*p + 2*g, -g - 11 = -p. What is the remainder when 73 is divided by p?
13
Suppose 0 = m - b - 43, -4*m + 61 = 3*b - 139. Calculate the remainder when m is divided by 27.
20
Suppose 4*x - z - 1804 = 0, 892 = 2*x - 0*z + 2*z. Calculate the remainder when ((-3)/5)/((-10)/x) is divided by 7.
6
Suppose -3*d - 6 - 57 = -3*k, -2*k + d = -41. Calculate the remainder when 64 is divided by k.
4
Let o(d) = -8*d - 3. Let w(h) = 23*h + 10. Let i(p) = 17*o(p) + 6*w(p). Calculate the remainder when i(11) is divided by 11.
9
Let p = 41 + -11. What is the remainder when p is divided by 5?
0
Suppose -f + q + 14 = -0*q, 2*f + 4*q - 28 = 0. Let z(y) = 2*y. Calculate the remainder when f is divided by z(4).
6
Suppose 2*z = -2*z + 156. Suppose 69 = 5*p - 1. Calculate the remainder when z is divided by p.
11
What is the remainder when 41 is divided by 14 + (1 - 5) + -1?
5
Let q = 6 + -9. Suppose k - 27 = -2*k. Calculate the remainder when 39/(q/(-2) - 0) is divided by k.
8
Suppose -3*v - 216 = -3*j, v = 3*v + 2. Suppose 0 = 5*t + 1 - j. What is the remainder when 25 is divided by t?
11
Let y be (2/3)/((-10)/45). Suppose 0*z = -4*c + 2*z + 52, 0 = 5*c + 2*z - 47. What is the remainder when y + 3 - 4*-8 is divided by c?
10
Suppose -29 = -h - 11. Let l(p) = -2*p**3 - 2*p**2 - 2. What is the remainder when l(-3) is divided by h?
16
Suppose 25 = -5*i - 15. Let f(o) = -o**3 - 6*o**2 + 11*o + 9. What is the remainder when f(i) is divided by 17?
15
Let b = -47 + 74. What is the remainder when 80 is divided by b?
26
Let g(h) = 12*h - 1. Let m be g(4). Suppose -7*z + m = -16. What is the remainder when z is divided by 6?
3
What is the remainder when (-4)/14 + (-2944)/(-161) is divided by 7?
4
Suppose 0 = -2*a + 4*i + 296, i - 5*i = 16. What is the remainder when a is divided by 18?
14
Suppose -4*f + f = 5*u - 920, f + 176 = u. Suppose -b - b - y = -83, -4*b = -3*y - u. Calculate the remainder when b is divided by (3/4)/(1/20).
13
Suppose -10*g + 168 + 102 = 0. Calculate the remainder when 105 is divided by g.
24
Let t(l) = 18*l**2 - l - 1. Calculate the remainder when -14*14/(-4) - -3 is divided by t(-1).
16
Let n be (-8)/20 + (-36)/10. Let j = 9 + n. Suppose -4*d = -65 + j. Calculate the remainder when 28 is divided by d.
13
Suppose -m + 6*m = 0. Suppose 0 = -m*o - o + 4. Suppose 5*d + 2*a - 8 = 6, 31 = o*d - 5*a. What is the remainder when 11 is divided by d?
3
Let p = 6 + -3. Suppose h = 11*h. Suppose -3*x + h + p = 0. What is the remainder when x is divided by 1?
0
Suppose -5*v = -u + 9 + 23, -3*u - 4*v + 58 = 0. What is the remainder when (66/(-11))/(2/(-29)) is divided by u?
21
Suppose 4*v - 214 + 54 = 5*h, -2*v + 3*h + 82 = 0. Let c = -6 - -25. What is the remainder when v is divided by c?
16
Let z = 0 - -3. Suppose 2*g - f = -2*f + 31, -z*g + 5*f + 14 = 0. Let i = -24 + 49. Calculate the remainder when i is divided by g.
12
Suppose -4*q + 4*x = -36, -5*x + 15 = q - 6. Calculate the remainder when 1 + 17 - (2 + -3) is divided by q.
8
Let u(a) = -2*a + 86. What is the remainder when u(32) is divided by 4?
2
Suppose -d = -19 + 11. Calculate the remainder when 21 is divided by d.
5
Suppose 32 = 2*p - 4*x, 3*p + 3*x - 54 = -2*p. Let f = 0 + 0. Let z = p + f. What is the remainder when 34 is divided by z?
10
Let i be 4 + (0 - (3 + -5)). Let t = -3 + i. Calculate the remainder when 11 is divided by t.
2
Suppose 5*g - g = 0. Suppose g = 5*f - 30 - 50. Let w = 26 - 17. Calculate the remainder when f is divided by w.
7
Let y = -35 + 63. Calculate the remainder when y is divided by 15.
13
Suppose i + 26 = b, 6*b - 2*b + i = 124. Calculate the remainder when b is divided by 8.
6
Let r(j) = j**2 + j. Let i be r(-2). Suppose 2*f + t - i = 0, t + 0*t = 2*f - 10. Calculate the remainder when f is divided by 2.
1
Let d = -112 - -161. What is the remainder when 17 is divided by ((-84)/d)/(6/(-21))?
5
Suppose 5*b = -3 + 18. What is the remainder when 20 is divided by b?
2
Let f = 2 + -2. Suppose f = r + r - 6. Suppose -r*q + 32 + 25 = 0. What is the remainder when q is divided by 7?
5
Suppose 0 = -13*o + 6*o + 609. What is the remainder when o is divided by ((-3)/(-4))/((-1)/(-24))?
15
Suppose 8 = -4*l, 5*l - 25 = -2*z + 25. Suppose 4*d + 6*b = 4*b - z, -d + 3*b = 11. Let s = d - -15. Calculate the remainder when s is divided by 3.
1
Suppose -2*p - 16 = -4*p. What is the remainder when 23 is divided by p?
7
What is the remainder when 199 is divided by (-2)/(-6) - 1666/(-42)?
39
Let d(g) = 2*g - 3. Let a(b) = b - 2. Let f(q) = 5*a(q) - 2*d(q). Let l be f(8). Calculate the remainder when 626/18 - l/(-18) is divided by 9.
8
Suppose -i + 42 = 12. What is the remainder when 88 is divided by i?
28
Let c = 15 - 9. Calculate the remainder when 15 is divided by c.
3
Calculate the remainder when 59 is divided by (-1)/(3/(-180)*3).
19
Suppose -8*l + 6*l = -10. Let y(z) = z**3 - 4*z**2 + z + 5. Let m be y(4). Let i = l + m. Calculate the remainder when 40 is divided by i.
12
Suppose -16 = 4*h, 0 = -4*q - h + 10 + 18. Suppose -2*k + 0 = -q. Let w = 5 + 5. Calculate the remainder when w is divided by k.
2
Suppose -162 = -0*c - 6*c. What is the remainder when c is divided by 7?
6
Let j = -55 + 79. Calculate the remainder when 70 is divided by j.
22
Let q = -38 + 61. Calculate the remainder when q is divided by ((-21)/12)/7*-20.
3
Suppose -k + 4 = -2. Suppose 0 = -3*o - l + 69, -k = 3*o - 3*l - 75. Suppose -22 = -4*h + 30. Calculate the remainder when o is divided by h.
10
Suppose -12 = -5*p + 18. Calculate the remainder when ((-10)/4)/((-2)/12) is divided by p.
3
Suppose 97 = 6*j + 7. What is the remainder when 58 is divided by j?
13
Let y = -28 + 53. Let r = y - 14. Calculate the remainder when r is divided by 7.
4
Suppose 2*x = 2 + 8. What is the remainder when x is divided by 2?
1
Let d(q) = 4*q**3 - q**2 - q + 1. Let h be d(1). Suppose 5 = -p, 3 + h = z + p. What is the remainder when 11/(-22) + (-260)/(-8) is divided by z?
10
Let a(k) = -k**3 - k**2 + 4*k - 1. Let b be (-6)/(-45) + 124/(-30). What is the remainder when a(b) is divided by 11?
9
Suppose 108 = -3*c + 15*c. Let r be 88/(-9) - 4/18. Let s = r + 15. What is the remainder when c is divided by s?
4
Suppose -18 = 70*i - 73*i. Calculate the remainder when 63 is divided by i.
3
Let n(h) = 3*h**2 - 4*h - 3. What is the remainder when 11 is divided by n(-1)?
3
What is the remainder when 42 is divided by ((-15)/(-4))/(-5)*-20?
12
Let j be (1 - -1)/((-1)/(-4)). Let t = 1